12 - 64 = 0. List the prime factors of x.
2, 5
Let k(a) = -6 + 26 - 10 + 8*a + 6. List the prime factors of k(16).
2, 3
What are the prime factors of (-189566)/(-184) + ((-2)/2)/4?
2, 5, 103
Let q(d) = 3*d**2 - 5*d - 23. Let w be q(7). Let p = 175 - w. List the prime factors of p.
2, 43
Let w be 3*-2*3/(-6). Suppose -167 = -w*t + 100. What are the prime factors of t?
89
Let i(d) = d + 9. Suppose 0*g - 16 = -4*g. Suppose 9 = n + 2*n, -12 = -g*r + 4*n. List the prime factors of i(r).
3, 5
Let c(a) = 18*a**2 + 1. Let s be c(1). Let i = -15 + s. What are the prime factors of -3*(-3)/6*i?
2, 3
Let n(u) = -u**3 - u**2 - 21*u + 9. List the prime factors of n(-9).
2, 3, 47
Let h = 5 - -15. What are the prime factors of (324/h)/(8/(-10) + 1)?
3
Let w = -225 - -87. Let a = 212 + w. List the prime factors of a.
2, 37
Let u = -996 + 2402. List the prime factors of u.
2, 19, 37
Let k = -131 - -125. Let j(x) = -7*x**3 - 5*x - 1. Let o(r) = 20*r**3 + r**2 + 14*r + 4. Let n(b) = 17*j(b) + 6*o(b). List the prime factors of n(k).
13
Let r(y) = y - 1. Let m(z) = -8*z + 10. Let s(k) = -m(k) - 10*r(k). Suppose 12*v + 31 = 19. List the prime factors of s(v).
2
Let g = 16 + -14. Let p(y) = g*y + 4 + 3*y - 2*y - y**3. What are the prime factors of p(-3)?
2, 11
Let r(l) = l**3 + 13*l**2 + 14*l - 9. Let c be r(-12). Let d = c - -124. List the prime factors of d.
7, 13
Suppose 20 = 2*h + 4*c, -8*c = -5*h - 3*c - 25. Suppose h = -12*s + 8*s + 140. List the prime factors of s.
5, 7
Let u(b) = b + 8. Suppose 0*j - 4*j - 56 = 0. Let x be u(j). What are the prime factors of (-43)/x - (-4)/(-24)?
7
Let g = -825 + 1466. What are the prime factors of g?
641
Suppose i = 5*z + 119 - 24, -5*i = z + 45. Let p be (-257)/(-4) - 15/z. Let m = p - 33. What are the prime factors of m?
2
Suppose -2*a + 4*q = -56, -3*a - 4*q + 32 = -a. Suppose 12*o + 300 = a*o. What are the prime factors of o?
2, 3, 5
Let a(v) be the first derivative of -v**3/3 + 11*v**2 + 22*v + 16. What are the prime factors of a(11)?
11, 13
Let r(t) be the third derivative of -t**6/120 + 11*t**5/60 - t**4/6 - 3*t**3 + 28*t**2. What are the prime factors of r(10)?
2, 3, 7
Let x be 48/(-4) + (1 - 2). Let q = x - -15. Suppose 5*o - 109 = -4*a, 0 - 2 = -q*a. List the prime factors of o.
3, 7
Suppose -c = 3*v - v, -4*v - c = 0. Let f(s) = s**2 - s + 16. What are the prime factors of f(v)?
2
Let h = -1223 - -1902. Suppose -5*o + h = 2*o. What are the prime factors of o?
97
Let z(y) = 9*y**2 - y + 10. List the prime factors of z(4).
2, 3, 5
Let f(s) = s**2 - 5*s + 3. Let o(r) = -2*r**2 + 9*r - 7. Let p(g) = 10*f(g) + 4*o(g). What are the prime factors of p(13)?
2, 79
Suppose 53*x = 51*x + 514. What are the prime factors of x?
257
Let w(t) = 7*t**2 - 4*t - 1. Suppose -3*a - 45 = -8*a. Suppose -5*g + g - 2*l = -12, 3*g - a = -4*l. List the prime factors of w(g).
2, 5
Suppose 3*l + 27 = -96. List the prime factors of (3/4)/((-1)/(-4)) - l.
2, 11
Suppose -5*j + 50 = -0*j. Let a(v) = v**3 - 10*v**2 + v - 5. Let b be a(j). Suppose -254 = -b*d - 84. List the prime factors of d.
2, 17
List the prime factors of 2/4*(-3160)/(-5).
2, 79
Let q = 109 - -188. List the prime factors of q.
3, 11
Suppose -4*k - 37 = 51. Let v = k + -60. Let x = -50 - v. List the prime factors of x.
2
Suppose t = g, -g + 3*t - 5 = -3. List the prime factors of (2 - (0 + g))*354/3.
2, 59
Let r = 16 - 12. Suppose -90 = -3*p + r*n, -4*n = -n + 9. Let t = p - 21. What are the prime factors of t?
5
Suppose -4*a = -9*a + 30. What are the prime factors of (-6 + a - 1*2)*-137?
2, 137
List the prime factors of 328/(-574) - 3354/(-14).
239
Suppose 6*o - 30 = -0*o. Suppose -g = 3*w - 102 - 0, 0 = -o*w + 4*g + 187. List the prime factors of w.
5, 7
Let g be (3/(-2))/(2/4). Let b be ((-10)/4 - g)*0. List the prime factors of -1 + (2 - b) + 5.
2, 3
Let g(z) = -5*z**2 + 195*z + 44. What are the prime factors of g(29)?
2, 3, 83
Let r = 15 + 1665. What are the prime factors of r?
2, 3, 5, 7
Let b(m) = -95*m - 146. List the prime factors of b(-27).
41, 59
Suppose 32*a - 52157 + 5885 = 0. What are the prime factors of a?
2, 3, 241
Let o = -4 + 19. Suppose 4*z = -3*i + 16 + o, -3*i = 2*z - 35. List the prime factors of i.
13
Let m be (16/6)/1*-3. List the prime factors of 1449/12 + (-2)/m.
11
Let d(b) = 3*b**2 + 7*b + 55. What are the prime factors of d(13)?
653
Let l be ((-5)/(-15)*15)/1. Suppose -99 = -2*x + h, 0*h = -l*x + h + 249. Let n = 112 - x. List the prime factors of n.
2, 31
Let o be 1/(-4 - 532/(-132)). Let p = o - 26. What are the prime factors of p?
7
Suppose -909 = -4*b - 5*c, 0 = 13*b - 9*b - 4*c - 864. What are the prime factors of b?
13, 17
Let t(f) = f**3 + 20*f**2 - 22*f - 9. Let r be t(-21). Suppose 8*p + 232 = r*p. List the prime factors of p.
2, 29
Let o be (2 - 1 - -1)*39/78. List the prime factors of (-7)/(7/(-36)) - (-1 + o).
2, 3
Let r be -36*1/1*(-902)/66. Suppose 11*q - 5*q = r. What are the prime factors of q?
2, 41
Suppose -4*r + 3*d - 23 = r, 2*d = 2. Let y be 1*(-4)/(r/13). Let f(o) = -o**3 + 14*o**2 - 12*o - 9. What are the prime factors of f(y)?
2
Suppose 0 = f - 2*l - 10, -4*f = -3*f + 4*l + 8. Suppose f*v - 2*v + 3*k = 144, 0 = -k + 4. List the prime factors of v.
2, 3, 11
Let p be (35/(-30) - (-1)/2)*3. List the prime factors of ((344/(-12))/(-2))/(p/(-6)).
43
Let k(h) = -463*h - 512. List the prime factors of k(-5).
3, 601
Let y(v) = -4*v + 147. Let w = 44 - 44. List the prime factors of y(w).
3, 7
Let t(h) = h**3 + h**2 - 10*h + 9. Let l be (-42)/(-12) + 3/(-6) - -3. What are the prime factors of t(l)?
3, 67
Suppose 0 = 4*j + 4*f + 7 - 31, 0 = -4*j - 2*f + 18. Suppose 7*p = j*p + 16. Suppose 6*i + p*a - 39 = 3*i, 2*i + 2*a - 24 = 0. List the prime factors of i.
3
List the prime factors of ((-1314)/(-12)*-4)/(-2).
3, 73
Suppose 0 = 5*x - 15, 0*f - 2*x = 2*f - 10. List the prime factors of (-13 - f)/((-16)/(-20) - 1).
3, 5
Let n = 814 - -180. Suppose 5*t + 5*g - n = 9*g, 4*g - 16 = 0. List the prime factors of t.
2, 101
Let u = -6 + 10. Suppose 11 = u*o + 3. Suppose -1 + 35 = o*w. What are the prime factors of w?
17
Suppose -305*q + 496 = -301*q. What are the prime factors of q?
2, 31
Let z = -73 - -106. Suppose 0 = 5*t - 297 - z. List the prime factors of t.
2, 3, 11
What are the prime factors of 3 - (-1 - 0) - (-80 - 772)?
2, 107
Suppose 241 = 3*b + 4*f, -b + 5*f - 7*f + 81 = 0. Suppose -x + b + 33 = -2*d, -5*d - 10 = 0. What are the prime factors of x?
2, 3
Let x = 78 - 123. Let g(c) = -77*c - 1. Let s be g(-1). Let w = s + x. List the prime factors of w.
31
Let p(q) = q**2 + 3*q + 8. Let i be p(-7). What are the prime factors of i/(-3)*(-79)/4?
3, 79
Let d(y) = y**2 + 8*y - 30. Let k be d(-14). Let g = k + -9. What are the prime factors of g?
3, 5
Suppose 4*x - 125 = -m, -3*x + 80 = 2*m - 4*m. What are the prime factors of -113*(6/(-10) - 12/x)?
113
Let l be ((-9)/2)/((-1)/(-2)). Let c = 13 + l. Suppose 2*u = -5*y + 192, c*u + 71 = 2*y - u. What are the prime factors of y?
2, 19
Suppose 167*z - 172*z = -17530. What are the prime factors of z?
2, 1753
Suppose -5*h = -p - 3*p + 10, -3*p + 5*h + 5 = 0. Suppose p*s - 226 = 2*s + 4*q, 0 = -2*q - 2. What are the prime factors of s?
2, 37
Let k = 3 - 0. Suppose -3*i = 4*l - 96, -2*l - k*l + 120 = -5*i. Suppose 0 = -2*o + 2 + l. What are the prime factors of o?
13
Let i(n) = -n - 2. Let d be i(-12). Let o(z) = z**3 - 11*z**2 + 15*z - 2. Let h be o(d). List the prime factors of (51 - -1) + h/(-12).
2, 3
Let t(w) = -w**3 + 6*w**2 + 7*w - 2. Suppose 20 = -5*o, 2*k + 4*o - 8 = -2*k. Let i = 12 - k. List the prime factors of t(i).
2, 5
Let v(a) = -4*a**2 - 12 - 46*a + 47*a - 4 - 2*a**3. What are the prime factors of v(-5)?
3, 43
Suppose -4*c - 2*b + 2240 = 0, 4*b = -2*c - c + 1680. What are the prime factors of c?
2, 5, 7
Let y = 1724 - -1490. List the prime factors of y.
2, 1607
Suppose 3613 = 8*t - 3*u - 2238, -2196 = -3*t + 3*u. What are the prime factors of t?
17, 43
Let s(i) = -i**2 - 4*i + 7. Let x be s(-5). Suppose -3 - 1 = x*g. List the prime factors of (-2)/(4/g) - -23.
2, 3
Suppose 5*z - 982 = -2*b, 3*b - 33*z + 34*z - 1473 = 0. What are the prime factors of b?
491
Suppose -9*r = 545 - 6764. List the prime factors of r.
691
Let f be (-5)/(15/(-12)) + 0. Suppose 205 = 2*h + 3*i, -2*h + i